{"id":1222,"date":"2022-03-06T11:24:26","date_gmt":"2022-03-06T14:24:26","guid":{"rendered":"https:\/\/pablosinai.com\/?page_id=1222"},"modified":"2025-09-12T16:49:32","modified_gmt":"2025-09-12T19:49:32","slug":"bio_en","status":"publish","type":"page","link":"https:\/\/pablosinai.com\/index.php\/bio_en\/","title":{"rendered":"Bio_en"},"content":{"rendered":"\t\t<div data-elementor-type=\"wp-page\" data-elementor-id=\"1222\" class=\"elementor elementor-1222\">\n\t\t\t\t\t\t<section class=\"elementor-section elementor-top-section elementor-element elementor-element-7b9581f elementor-section-boxed elementor-section-height-default elementor-section-height-default\" data-id=\"7b9581f\" data-element_type=\"section\">\n\t\t\t\t\t\t<div class=\"elementor-container elementor-column-gap-default\">\n\t\t\t\t\t<div class=\"elementor-column elementor-col-33 elementor-top-column elementor-element elementor-element-f07bf44\" data-id=\"f07bf44\" data-element_type=\"column\">\n\t\t\t<div class=\"elementor-widget-wrap elementor-element-populated\">\n\t\t\t\t\t\t<div class=\"elementor-element elementor-element-6b689d2 elementor-widget elementor-widget-image\" data-id=\"6b689d2\" data-element_type=\"widget\" data-widget_type=\"image.default\">\n\t\t\t\t<div class=\"elementor-widget-container\">\n\t\t\t\t\t\t\t\t\t\t\t\t\t\t\t<img fetchpriority=\"high\" decoding=\"async\" width=\"240\" height=\"300\" src=\"https:\/\/pablosinai.com\/wp-content\/uploads\/2025\/09\/Diseno-sin-titulo-240x300.png\" class=\"attachment-medium size-medium wp-image-1566\" alt=\"\" srcset=\"https:\/\/pablosinai.com\/wp-content\/uploads\/2025\/09\/Diseno-sin-titulo-240x300.png 240w, https:\/\/pablosinai.com\/wp-content\/uploads\/2025\/09\/Diseno-sin-titulo-819x1024.png 819w, https:\/\/pablosinai.com\/wp-content\/uploads\/2025\/09\/Diseno-sin-titulo-768x960.png 768w, https:\/\/pablosinai.com\/wp-content\/uploads\/2025\/09\/Diseno-sin-titulo.png 1080w\" sizes=\"(max-width: 240px) 100vw, 240px\" \/>\t\t\t\t\t\t\t\t\t\t\t\t\t\t\t<\/div>\n\t\t\t\t<\/div>\n\t\t\t\t\t<\/div>\n\t\t<\/div>\n\t\t\t\t<div class=\"elementor-column elementor-col-66 elementor-top-column elementor-element elementor-element-7cb3efe\" data-id=\"7cb3efe\" data-element_type=\"column\">\n\t\t\t<div class=\"elementor-widget-wrap elementor-element-populated\">\n\t\t\t\t\t\t<div class=\"elementor-element elementor-element-82fc990 elementor-widget elementor-widget-text-editor\" data-id=\"82fc990\" data-element_type=\"widget\" data-widget_type=\"text-editor.default\">\n\t\t\t\t<div class=\"elementor-widget-container\">\n\t\t\t\t\t\t\t\t\t<h1><span style=\"font-size: 16px; text-align: justify;\">Pablo Sina\u00ed<\/span><\/h1><p data-start=\"129\" data-end=\"924\">Pablo Sina\u00ed (Buenos Aires, 1980) is a visual artist and educator. Since 2000, he has been leading production workshops and offering mentoring for artists through individual tutorials, intensive seminars, and training programs in cultural venues, residencies, and both public and private institutions. In recent years, he has worked as general tutor and faculty member in several training programs, such as PALA at Galer\u00eda Lava and El Or\u00e1culo at Proyecto P\u00farpura, among others. In 2020, he co-founded Cl\u00ednicas CUATROXCUATRO. He currently manages and coordinates LAB-EXPANDIDO, an annual training space for artists focused on contemporary artistic practices in all their forms of expression, issues, and current discourses, from an inclusive, plural, and horizontal approach.<\/p><p data-start=\"926\" data-end=\"1549\">His recognitions include: Third Prize in Painting at the 107th National Salon (2018); a Mention at the XCIV Annual Salon of Santa F\u00e9, Museo Rosa Galisteo (2017); an Acquisition Award at the XX International Biennial of Santa Cruz de la Sierra, Bolivia (2016); and First Prize in Painting at the University of Belgrano (2015), among others. His work is part of the collections of MACBA in Buenos Aires, MAC in Santa Cruz de la Sierra, Bolivia, and the Arte al L\u00edmite Museum Collection in Santiago de Chile, among other major public and private collections in Argentina and abroad.<\/p><p data-start=\"1551\" data-end=\"2002\">At the national level, his work has been exhibited in renowned galleries, institutions, and cultural spaces such as Fundaci\u00f3n Fortabat, Casa Nacional del Bicentenario, UADE Art, Galer\u00eda Praxis, Galer\u00eda Pabell\u00f3n 4, Galer\u00eda Ensemble, Museo MACBA, Museo Emilio Caraffa, Museo Urbano Poggi, Museo Timoteo Navarro, Museo Castagnino, Museo Emilio Pettoruti, Museo Banco Provincia, C.C. Borges, C.C. Paco Urondo, and C.C. Quinta Trabucco, among others.<\/p><p data-start=\"2004\" data-end=\"2561\">He has presented numerous exhibitions both nationally and internationally, in Argentina, Bolivia, Spain, France, Italy, Germany, Andorra, China, and Canada. Selected solo projects include: <em>Posiciones mutantes<\/em>, Galer\u00eda Musgo, Buenos Aires (2025) ; <em data-start=\"2193\" data-end=\"2214\">El signo que habito<\/em>, MM Gallery, Buenos Aires (2022); <em data-start=\"2249\" data-end=\"2276\">Todo en su lugar correcto<\/em>, Galer\u00eda ENSEMBLE, Buenos Aires (2019); <em data-start=\"2317\" data-end=\"2337\">Prop\u00f3sito de falla<\/em>, Museo Banco Provincia, Buenos Aires (2018); <em data-start=\"2383\" data-end=\"2393\">La ca\u00edda<\/em>, Galer\u00eda Pabell\u00f3n 4, Buenos Aires (2017); <em data-start=\"2436\" data-end=\"2454\">Ingenuitat apart<\/em>, Galer\u00eda de Les Fontetes, Principality of Andorra (2009); <em data-start=\"2513\" data-end=\"2524\">Referente<\/em>, C.C. Borges, Buenos Aires (2006).<\/p><p data-start=\"2563\" data-end=\"3226\">Selected group exhibitions include: <span class=\"a_GcMg font-feature-liga-off font-feature-clig-off font-feature-calt-off text-decoration-none text-strikethrough-none\"><em>Intangible Cultural heritage achievements exhibition<\/em>,<\/span>\u00a0<span class=\"a_GcMg font-feature-liga-off font-feature-clig-off font-feature-calt-off text-decoration-none text-strikethrough-none\">Tianyi Gallery, Chengd\u00fa, China (2025);<\/span> <em data-start=\"2599\" data-end=\"2624\">Intervalos de confianza<\/em>, Espacio Casa Madre, Madrid, Spain (2023); <em data-start=\"2668\" data-end=\"2689\">Un paisaje interior<\/em>, Galer\u00eda Francisco Vidal, Casa de la Provincia de CBA in Buenos Aires (2023); <em data-start=\"2768\" data-end=\"2787\">Tropical Paradise<\/em>, MM Gallery, Berlin (2022); <em data-start=\"2816\" data-end=\"2858\">NEO-POST: 50 a\u00f1os de Geometr\u00eda argentina<\/em>, Museo MACBA (2021); <em data-start=\"2880\" data-end=\"2920\">107th National Salon \/ Awarded Artists<\/em>, Museo Emilio Caraffa, C\u00f3rdoba (2019); <em data-start=\"2960\" data-end=\"2979\">Tensi\u00f3n-expansi\u00f3n<\/em>, Galer\u00eda Rojo al Frente, San Mart\u00edn, Buenos Aires Province (2018); <em data-start=\"3047\" data-end=\"3071\">Conexiones progresivas<\/em>, Centro Cultural Paco Urondo, Buenos Aires (2018); <em data-start=\"3123\" data-end=\"3133\">Escrabel<\/em>, Barraca Vorticista, Buenos Aires (2017); <em data-start=\"3176\" data-end=\"3186\">Chamanes<\/em>, Quadro Galer\u00eda, Buenos Aires (2016).<\/p><p data-start=\"3228\" data-end=\"3660\">In 2023, he was invited to participate in the International Residency Pouch Cove in Newfoundland, Canada. In 2025, he will take part in the NY20+ International Residency in Chengdu, China, and in SART (Siena Art Institute), alongside faculty artists from Pratt Institute (New York), in Siena, Italy. In 2022 and 2018, he was awarded fellowships by the National Endowment for the Arts (Fondo Nacional de las Artes).<\/p>\t\t\t\t\t\t\t\t<\/div>\n\t\t\t\t<\/div>\n\t\t\t\t\t<\/div>\n\t\t<\/div>\n\t\t\t\t\t<\/div>\n\t\t<\/section>\n\t\t\t\t<section class=\"elementor-section elementor-top-section elementor-element elementor-element-fc11bf6 elementor-section-boxed elementor-section-height-default elementor-section-height-default\" data-id=\"fc11bf6\" data-element_type=\"section\">\n\t\t\t\t\t\t<div class=\"elementor-container elementor-column-gap-default\">\n\t\t\t\t\t<div class=\"elementor-column elementor-col-33 elementor-top-column elementor-element elementor-element-7c3bead\" data-id=\"7c3bead\" data-element_type=\"column\">\n\t\t\t<div class=\"elementor-widget-wrap\">\n\t\t\t\t\t\t\t<\/div>\n\t\t<\/div>\n\t\t\t\t<div class=\"elementor-column elementor-col-66 elementor-top-column elementor-element elementor-element-f98166f\" data-id=\"f98166f\" data-element_type=\"column\">\n\t\t\t<div class=\"elementor-widget-wrap elementor-element-populated\">\n\t\t\t\t\t\t<div class=\"elementor-element elementor-element-92a97d6 elementor-widget elementor-widget-button\" data-id=\"92a97d6\" data-element_type=\"widget\" data-widget_type=\"button.default\">\n\t\t\t\t<div class=\"elementor-widget-container\">\n\t\t\t\t\t\t\t\t\t<div class=\"elementor-button-wrapper\">\n\t\t\t\t\t<a class=\"elementor-button elementor-button-link elementor-size-sm\" href=\"http:\/\/pablosinai.com\/wp-content\/uploads\/2025\/09\/Pablo-Sinai-cv-bio-2025.pdf.pdf\" target=\"_blank\">\n\t\t\t\t\t\t<span class=\"elementor-button-content-wrapper\">\n\t\t\t\t\t\t<span class=\"elementor-button-icon\">\n\t\t\t\t<i aria-hidden=\"true\" class=\"far fa-arrow-alt-circle-down\"><\/i>\t\t\t<\/span>\n\t\t\t\t\t\t\t\t\t<span class=\"elementor-button-text\">Download Bio<\/span>\n\t\t\t\t\t<\/span>\n\t\t\t\t\t<\/a>\n\t\t\t\t<\/div>\n\t\t\t\t\t\t\t\t<\/div>\n\t\t\t\t<\/div>\n\t\t\t\t\t<\/div>\n\t\t<\/div>\n\t\t\t\t\t<\/div>\n\t\t<\/section>\n\t\t\t\t<section class=\"elementor-section elementor-top-section elementor-element elementor-element-a9d5548 elementor-section-boxed elementor-section-height-default elementor-section-height-default\" data-id=\"a9d5548\" data-element_type=\"section\">\n\t\t\t\t\t\t<div class=\"elementor-container elementor-column-gap-default\">\n\t\t\t\t\t<div class=\"elementor-column elementor-col-33 elementor-top-column elementor-element elementor-element-f2a2e88\" data-id=\"f2a2e88\" data-element_type=\"column\">\n\t\t\t<div class=\"elementor-widget-wrap\">\n\t\t\t\t\t\t\t<\/div>\n\t\t<\/div>\n\t\t\t\t<div class=\"elementor-column elementor-col-66 elementor-top-column elementor-element elementor-element-78ed144\" data-id=\"78ed144\" data-element_type=\"column\">\n\t\t\t<div class=\"elementor-widget-wrap elementor-element-populated\">\n\t\t\t\t\t\t<div class=\"elementor-element elementor-element-be0dd66 elementor-widget elementor-widget-button\" data-id=\"be0dd66\" data-element_type=\"widget\" data-widget_type=\"button.default\">\n\t\t\t\t<div class=\"elementor-widget-container\">\n\t\t\t\t\t\t\t\t\t<div class=\"elementor-button-wrapper\">\n\t\t\t\t\t<a class=\"elementor-button elementor-button-link elementor-size-sm\" href=\"http:\/\/pablosinai.com\/wp-content\/uploads\/2025\/09\/Pablo-Sinai-cv-2025.pdf.pdf\" target=\"_blank\">\n\t\t\t\t\t\t<span class=\"elementor-button-content-wrapper\">\n\t\t\t\t\t\t<span class=\"elementor-button-icon\">\n\t\t\t\t<i aria-hidden=\"true\" class=\"far fa-arrow-alt-circle-down\"><\/i>\t\t\t<\/span>\n\t\t\t\t\t\t\t\t\t<span class=\"elementor-button-text\">Download CV<\/span>\n\t\t\t\t\t<\/span>\n\t\t\t\t\t<\/a>\n\t\t\t\t<\/div>\n\t\t\t\t\t\t\t\t<\/div>\n\t\t\t\t<\/div>\n\t\t\t\t\t<\/div>\n\t\t<\/div>\n\t\t\t\t\t<\/div>\n\t\t<\/section>\n\t\t\t\t<\/div>\n\t\t","protected":false},"excerpt":{"rendered":"<p>Pablo Sina\u00ed Pablo Sina\u00ed (Buenos Aires, 1980) is a visual artist and educator. Since 2000, he has been leading production workshops and offering mentoring for artists through individual tutorials, intensive seminars, and training programs in cultural venues, residencies, and both public and private institutions. In recent years, he has worked as general tutor and faculty [&hellip;]<\/p>\n","protected":false},"author":1,"featured_media":0,"parent":0,"menu_order":0,"comment_status":"closed","ping_status":"closed","template":"","meta":{"_monsterinsights_skip_tracking":false,"_monsterinsights_sitenote_active":false,"_monsterinsights_sitenote_note":"","_monsterinsights_sitenote_category":0,"site-sidebar-layout":"no-sidebar","site-content-layout":"page-builder","ast-site-content-layout":"default","site-content-style":"default","site-sidebar-style":"default","ast-global-header-display":"","ast-banner-title-visibility":"","ast-main-header-display":"","ast-hfb-above-header-display":"","ast-hfb-below-header-display":"","ast-hfb-mobile-header-display":"","site-post-title":"disabled","ast-breadcrumbs-content":"","ast-featured-img":"disabled","footer-sml-layout":"","theme-transparent-header-meta":"","adv-header-id-meta":"","stick-header-meta":"","header-above-stick-meta":"","header-main-stick-meta":"","header-below-stick-meta":"","astra-migrate-meta-layouts":"default","ast-page-background-enabled":"default","ast-page-background-meta":{"desktop":{"background-color":"","background-image":"","background-repeat":"repeat","background-position":"center center","background-size":"auto","background-attachment":"scroll","background-type":"","background-media":"","overlay-type":"","overlay-color":"","overlay-opacity":"","overlay-gradient":""},"tablet":{"background-color":"","background-image":"","background-repeat":"repeat","background-position":"center center","background-size":"auto","background-attachment":"scroll","background-type":"","background-media":"","overlay-type":"","overlay-color":"","overlay-opacity":"","overlay-gradient":""},"mobile":{"background-color":"","background-image":"","background-repeat":"repeat","background-position":"center center","background-size":"auto","background-attachment":"scroll","background-type":"","background-media":"","overlay-type":"","overlay-color":"","overlay-opacity":"","overlay-gradient":""}},"ast-content-background-meta":{"desktop":{"background-color":"var(--ast-global-color-5)","background-image":"","background-repeat":"repeat","background-position":"center center","background-size":"auto","background-attachment":"scroll","background-type":"","background-media":"","overlay-type":"","overlay-color":"","overlay-opacity":"","overlay-gradient":""},"tablet":{"background-color":"var(--ast-global-color-5)","background-image":"","background-repeat":"repeat","background-position":"center center","background-size":"auto","background-attachment":"scroll","background-type":"","background-media":"","overlay-type":"","overlay-color":"","overlay-opacity":"","overlay-gradient":""},"mobile":{"background-color":"var(--ast-global-color-5)","background-image":"","background-repeat":"repeat","background-position":"center center","background-size":"auto","background-attachment":"scroll","background-type":"","background-media":"","overlay-type":"","overlay-color":"","overlay-opacity":"","overlay-gradient":""}},"footnotes":""},"class_list":["post-1222","page","type-page","status-publish","hentry"],"aioseo_notices":[],"_links":{"self":[{"href":"https:\/\/pablosinai.com\/index.php\/wp-json\/wp\/v2\/pages\/1222","targetHints":{"allow":["GET"]}}],"collection":[{"href":"https:\/\/pablosinai.com\/index.php\/wp-json\/wp\/v2\/pages"}],"about":[{"href":"https:\/\/pablosinai.com\/index.php\/wp-json\/wp\/v2\/types\/page"}],"author":[{"embeddable":true,"href":"https:\/\/pablosinai.com\/index.php\/wp-json\/wp\/v2\/users\/1"}],"replies":[{"embeddable":true,"href":"https:\/\/pablosinai.com\/index.php\/wp-json\/wp\/v2\/comments?post=1222"}],"version-history":[{"count":58,"href":"https:\/\/pablosinai.com\/index.php\/wp-json\/wp\/v2\/pages\/1222\/revisions"}],"predecessor-version":[{"id":1653,"href":"https:\/\/pablosinai.com\/index.php\/wp-json\/wp\/v2\/pages\/1222\/revisions\/1653"}],"wp:attachment":[{"href":"https:\/\/pablosinai.com\/index.php\/wp-json\/wp\/v2\/media?parent=1222"}],"curies":[{"name":"wp","href":"https:\/\/api.w.org\/{rel}","templated":true}]}}