{"id":1260,"date":"2022-05-08T11:29:29","date_gmt":"2022-05-08T14:29:29","guid":{"rendered":"https:\/\/pablosinai.com\/?page_id=1260"},"modified":"2025-09-16T15:59:29","modified_gmt":"2025-09-16T18:59:29","slug":"texts","status":"publish","type":"page","link":"https:\/\/pablosinai.com\/index.php\/texts\/","title":{"rendered":"Texts"},"content":{"rendered":"\t\t<div data-elementor-type=\"wp-page\" data-elementor-id=\"1260\" class=\"elementor elementor-1260\">\n\t\t\t\t\t\t<section class=\"elementor-section elementor-top-section elementor-element elementor-element-0ddc44d elementor-section-boxed elementor-section-height-default elementor-section-height-default\" data-id=\"0ddc44d\" data-element_type=\"section\">\n\t\t\t\t\t\t<div class=\"elementor-container elementor-column-gap-default\">\n\t\t\t\t\t<div class=\"elementor-column elementor-col-100 elementor-top-column elementor-element elementor-element-becd44f\" data-id=\"becd44f\" data-element_type=\"column\">\n\t\t\t<div class=\"elementor-widget-wrap elementor-element-populated\">\n\t\t\t\t\t\t<div class=\"elementor-element elementor-element-4337c81 elementor-widget elementor-widget-text-editor\" data-id=\"4337c81\" data-element_type=\"widget\" data-widget_type=\"text-editor.default\">\n\t\t\t\t<div class=\"elementor-widget-container\">\n\t\t\t\t\t\t\t\t\t<p>Textos curatoriales<\/p><p><a href=\"http:\/\/pablosinai.com\/wp-content\/uploads\/2025\/09\/Posiciones-mutantes_Tania-Puente.pdf\"><span style=\"text-decoration: underline;\"><em>Posiciones mutantes por Tania Puente<\/em><\/span><\/a><\/p><p><i><a href=\"http:\/\/pablosinai.com\/wp-content\/uploads\/2022\/02\/El-signo-que-habito.-Manuel-Quaranta.pdf\"><u>El signo que habito por Manuel Quaranta<\/u><\/a><\/i><\/p><p><span style=\"text-decoration: underline;\"><a href=\"http:\/\/pablosinai.com\/wp-content\/uploads\/2022\/02\/Todo-en-su-lugar-correcto.-Cristina-Schiavi.pdf\"><em>Todo en su lugar correcto por Cristina Schiavi<\/em><\/a><\/span><\/p><p><a href=\"http:\/\/pablosinai.com\/wp-content\/uploads\/2022\/02\/Proposito-de-falla.-Ixchel-Ledesma.pdf\"><span style=\"text-decoration: underline;\"><em>Prop\u00f3sito de falla por Ixchel Ledesma<\/em><\/span><\/a><\/p><p><a href=\"http:\/\/pablosinai.com\/wp-content\/uploads\/2022\/02\/Cinemascope-Leger.-Veronica-Gomez.pdf\"><span style=\"text-decoration: underline;\"><em>La ca\u00edda por Ver\u00f3nica G\u00f3mez<\/em><\/span><\/a><\/p><p><a href=\"http:\/\/pablosinai.com\/wp-content\/uploads\/2022\/02\/Referente.-Marino-Santa-Maria.pdf\"><span style=\"text-decoration: underline;\"><em>Referente por Marino Santa Mar\u00eda<\/em><\/span><\/a><\/p>\t\t\t\t\t\t\t\t<\/div>\n\t\t\t\t<\/div>\n\t\t\t\t\t<\/div>\n\t\t<\/div>\n\t\t\t\t\t<\/div>\n\t\t<\/section>\n\t\t\t\t<\/div>\n\t\t","protected":false},"excerpt":{"rendered":"<p>Textos curatoriales Posiciones mutantes por Tania Puente El signo que habito por Manuel Quaranta Todo en su lugar correcto por Cristina Schiavi Prop\u00f3sito de falla por Ixchel Ledesma La ca\u00edda por Ver\u00f3nica G\u00f3mez Referente por Marino Santa Mar\u00eda<\/p>\n","protected":false},"author":1,"featured_media":0,"parent":0,"menu_order":0,"comment_status":"closed","ping_status":"closed","template":"","meta":{"_monsterinsights_skip_tracking":false,"_monsterinsights_sitenote_active":false,"_monsterinsights_sitenote_note":"","_monsterinsights_sitenote_category":0,"site-sidebar-layout":"no-sidebar","site-content-layout":"page-builder","ast-site-content-layout":"default","site-content-style":"default","site-sidebar-style":"default","ast-global-header-display":"","ast-banner-title-visibility":"","ast-main-header-display":"","ast-hfb-above-header-display":"","ast-hfb-below-header-display":"","ast-hfb-mobile-header-display":"","site-post-title":"disabled","ast-breadcrumbs-content":"","ast-featured-img":"disabled","footer-sml-layout":"","theme-transparent-header-meta":"","adv-header-id-meta":"","stick-header-meta":"","header-above-stick-meta":"","header-main-stick-meta":"","header-below-stick-meta":"","astra-migrate-meta-layouts":"default","ast-page-background-enabled":"default","ast-page-background-meta":{"desktop":{"background-color":"","background-image":"","background-repeat":"repeat","background-position":"center center","background-size":"auto","background-attachment":"scroll","background-type":"","background-media":"","overlay-type":"","overlay-color":"","overlay-opacity":"","overlay-gradient":""},"tablet":{"background-color":"","background-image":"","background-repeat":"repeat","background-position":"center center","background-size":"auto","background-attachment":"scroll","background-type":"","background-media":"","overlay-type":"","overlay-color":"","overlay-opacity":"","overlay-gradient":""},"mobile":{"background-color":"","background-image":"","background-repeat":"repeat","background-position":"center center","background-size":"auto","background-attachment":"scroll","background-type":"","background-media":"","overlay-type":"","overlay-color":"","overlay-opacity":"","overlay-gradient":""}},"ast-content-background-meta":{"desktop":{"background-color":"var(--ast-global-color-5)","background-image":"","background-repeat":"repeat","background-position":"center center","background-size":"auto","background-attachment":"scroll","background-type":"","background-media":"","overlay-type":"","overlay-color":"","overlay-opacity":"","overlay-gradient":""},"tablet":{"background-color":"var(--ast-global-color-5)","background-image":"","background-repeat":"repeat","background-position":"center center","background-size":"auto","background-attachment":"scroll","background-type":"","background-media":"","overlay-type":"","overlay-color":"","overlay-opacity":"","overlay-gradient":""},"mobile":{"background-color":"var(--ast-global-color-5)","background-image":"","background-repeat":"repeat","background-position":"center center","background-size":"auto","background-attachment":"scroll","background-type":"","background-media":"","overlay-type":"","overlay-color":"","overlay-opacity":"","overlay-gradient":""}},"footnotes":""},"class_list":["post-1260","page","type-page","status-publish","hentry"],"aioseo_notices":[],"_links":{"self":[{"href":"https:\/\/pablosinai.com\/index.php\/wp-json\/wp\/v2\/pages\/1260","targetHints":{"allow":["GET"]}}],"collection":[{"href":"https:\/\/pablosinai.com\/index.php\/wp-json\/wp\/v2\/pages"}],"about":[{"href":"https:\/\/pablosinai.com\/index.php\/wp-json\/wp\/v2\/types\/page"}],"author":[{"embeddable":true,"href":"https:\/\/pablosinai.com\/index.php\/wp-json\/wp\/v2\/users\/1"}],"replies":[{"embeddable":true,"href":"https:\/\/pablosinai.com\/index.php\/wp-json\/wp\/v2\/comments?post=1260"}],"version-history":[{"count":7,"href":"https:\/\/pablosinai.com\/index.php\/wp-json\/wp\/v2\/pages\/1260\/revisions"}],"predecessor-version":[{"id":1718,"href":"https:\/\/pablosinai.com\/index.php\/wp-json\/wp\/v2\/pages\/1260\/revisions\/1718"}],"wp:attachment":[{"href":"https:\/\/pablosinai.com\/index.php\/wp-json\/wp\/v2\/media?parent=1260"}],"curies":[{"name":"wp","href":"https:\/\/api.w.org\/{rel}","templated":true}]}}